{"id":292,"date":"2022-02-07T08:16:00","date_gmt":"2022-02-07T08:16:00","guid":{"rendered":"https:\/\/kita-pondorf.de\/?page_id=292"},"modified":"2026-04-13T06:33:04","modified_gmt":"2026-04-13T06:33:04","slug":"aktuelles","status":"publish","type":"page","link":"https:\/\/kita-pondorf.de\/?page_id=292","title":{"rendered":"Aktuelles"},"content":{"rendered":"\n<div style=\"color:#ddd\" class=\"wp-block-genesis-blocks-gb-spacer gb-block-spacer gb-divider-solid gb-divider-size-1\"><hr style=\"height:33px\"\/><\/div>\n\n\n\n<h2 class=\"wp-block-heading\">M\u00e4rz 2026<\/h2>\n\n\n<div class=\"wp-block-image\">\n<figure class=\"aligncenter size-large is-resized\"><img loading=\"lazy\" decoding=\"async\" width=\"1024\" height=\"768\" src=\"https:\/\/kita-pondorf.de\/wp-content\/uploads\/2026\/04\/Ostern-1024x768.jpg\" alt=\"\" class=\"wp-image-1548\" style=\"width:723px;height:auto\" srcset=\"https:\/\/kita-pondorf.de\/wp-content\/uploads\/2026\/04\/Ostern-1024x768.jpg 1024w, https:\/\/kita-pondorf.de\/wp-content\/uploads\/2026\/04\/Ostern-300x225.jpg 300w, https:\/\/kita-pondorf.de\/wp-content\/uploads\/2026\/04\/Ostern-768x576.jpg 768w, https:\/\/kita-pondorf.de\/wp-content\/uploads\/2026\/04\/Ostern-1536x1152.jpg 1536w, https:\/\/kita-pondorf.de\/wp-content\/uploads\/2026\/04\/Ostern-2048x1536.jpg 2048w, https:\/\/kita-pondorf.de\/wp-content\/uploads\/2026\/04\/Ostern-700x525.jpg 700w\" sizes=\"auto, (max-width: 1024px) 100vw, 1024px\" \/><\/figure>\n<\/div>\n\n\n<p class=\"has-text-align-center\"><strong>\u00dcberraschung im Kindergarten: Osterbesuch im M\u00e4rz<\/strong><\/p>\n\n\n\n<p class=\"has-text-align-center\">Der M\u00e4rz stand in unserem Kindergarten ganz im Zeichen des Fr\u00fchlings und hielt eine ganz besondere \u00dcberraschung bereit. Am 25.03.3036 bekam unsere Einrichtung n\u00e4mlich Besuch vom Osterhasen! Mit viel Neugier und leuchtenden Augen entdeckten die Kinder die kleinen Geschenke, die f\u00fcr jedes von ihnen vorbereitet worden waren. Die Freude war riesig und sorgte f\u00fcr viele fr\u00f6hliche Momente im Alltag.<\/p>\n\n\n\n<p class=\"has-text-align-center\">Ein besonderes Dankesch\u00f6n gilt den Eltern, die den Osterhasen tatkr\u00e4ftig unterst\u00fctzt haben: Bei einem gemeinsamen Bastelabend im Kindergarten wurden mit viel Kreativit\u00e4t und Engagement liebevolle Hasenverpackungen gestaltet. So entstand nicht nur eine sch\u00f6ne Vorbereitung auf Ostern, sondern auch ein tolles Gemeinschaftserlebnis.<\/p>\n\n\n\n<p class=\"has-text-align-center\">Ein rundum gelungener M\u00e4rz, der uns allen noch lange in Erinnerung bleiben wird!<\/p>\n\n\n\n<div style=\"color:#ddd\" class=\"wp-block-genesis-blocks-gb-spacer gb-block-spacer gb-divider-solid gb-divider-size-1\"><hr style=\"height:69px\"\/><\/div>\n\n\n\n<h2 class=\"wp-block-heading\">Februar 2026<\/h2>\n\n\n<div class=\"wp-block-image\">\n<figure class=\"aligncenter size-large is-resized\"><img loading=\"lazy\" decoding=\"async\" width=\"1024\" height=\"768\" src=\"https:\/\/kita-pondorf.de\/wp-content\/uploads\/2026\/03\/Fasching-1024x768.jpg\" alt=\"\" class=\"wp-image-1540\" style=\"width:717px;height:auto\" srcset=\"https:\/\/kita-pondorf.de\/wp-content\/uploads\/2026\/03\/Fasching-1024x768.jpg 1024w, https:\/\/kita-pondorf.de\/wp-content\/uploads\/2026\/03\/Fasching-300x225.jpg 300w, https:\/\/kita-pondorf.de\/wp-content\/uploads\/2026\/03\/Fasching-768x576.jpg 768w, https:\/\/kita-pondorf.de\/wp-content\/uploads\/2026\/03\/Fasching-700x525.jpg 700w, https:\/\/kita-pondorf.de\/wp-content\/uploads\/2026\/03\/Fasching.jpg 1280w\" sizes=\"auto, (max-width: 1024px) 100vw, 1024px\" \/><\/figure>\n<\/div>\n\n\n<p class=\"has-text-align-center\"><strong>Kunterbunte Faschingsgaudi!<\/strong><\/p>\n\n\n\n<p class=\"has-text-align-center\">Im Februar hat der Fasching Einzug in unsere Kita gehalten und f\u00fcr eine ganz besondere n\u00e4rrische Zeit gesorgt.<\/p>\n\n\n\n<p class=\"has-text-align-center\">In den kindorientierten Projekten &#8222;Zauberwald&#8220; bei unseren Bibern und &#8222;Zauberparty&#8220; bei unseren Fr\u00f6schen wurde gestaunt, gelacht und entdeckt. Funkelnde Ideen, kleine Zaubertricks und kreative Spiele lie\u00dfen die Kinder in eine magische Welt eintauchen. Im &#8222;Farbenland&#8220; -Projekt bei unseren F\u00fcchsen drehte sich alles um kunterbunte Experimente, kreative Bastelaktionen und farbenfrohe Entdeckungen. Ganz besonders gem\u00fctlich und fr\u00f6hlich wurde es \u201eZu Hause in der Villa Kunterbunt&#8220; bei unseren Fischen. Hier stand im Projekt das fr\u00f6hliche Miteinander im Mittelpunkt \u2013 genau wie bei Pippi Langstrumpf war alles erlaubt, was Spa\u00df macht und die Fantasie befl\u00fcgelt.<\/p>\n\n\n\n<p class=\"has-text-align-center\">Absolutes Highlight der Faschingszeit: <\/p>\n\n\n\n<p class=\"has-text-align-center\">Ein echter Zauberer begeisterte die Kinder am 10. Februar mit verbl\u00fcffenden Tricks, staunenden Augen und jeder Menge Applaus.<\/p>\n\n\n\n<p class=\"has-text-align-center\">Und auch die gemeinsame Faschingsparty am Unsinnigen Donnerstag sorgte f\u00fcr viel Lachen, jede Menge Gaudi und strahlende Gesichter.<\/p>\n\n\n\n<p class=\"has-text-align-center\"><\/p>\n\n\n\n<div style=\"color:#ddd\" class=\"wp-block-genesis-blocks-gb-spacer gb-block-spacer gb-divider-solid gb-divider-size-1\"><hr style=\"height:30px\"\/><\/div>\n\n\n\n<h2 class=\"wp-block-heading\">Januar 2026 <\/h2>\n\n\n<div class=\"wp-block-image\">\n<figure class=\"aligncenter size-large is-resized\"><img loading=\"lazy\" decoding=\"async\" width=\"1024\" height=\"768\" src=\"https:\/\/kita-pondorf.de\/wp-content\/uploads\/2026\/02\/Winter-1024x768.jpeg\" alt=\"\" class=\"wp-image-1535\" style=\"width:739px;height:auto\" srcset=\"https:\/\/kita-pondorf.de\/wp-content\/uploads\/2026\/02\/Winter-1024x768.jpeg 1024w, https:\/\/kita-pondorf.de\/wp-content\/uploads\/2026\/02\/Winter-300x225.jpeg 300w, https:\/\/kita-pondorf.de\/wp-content\/uploads\/2026\/02\/Winter-768x576.jpeg 768w, https:\/\/kita-pondorf.de\/wp-content\/uploads\/2026\/02\/Winter-1536x1152.jpeg 1536w, https:\/\/kita-pondorf.de\/wp-content\/uploads\/2026\/02\/Winter-2048x1536.jpeg 2048w, https:\/\/kita-pondorf.de\/wp-content\/uploads\/2026\/02\/Winter-700x525.jpeg 700w\" sizes=\"auto, (max-width: 1024px) 100vw, 1024px\" \/><\/figure>\n<\/div>\n\n\n<p class=\"has-text-align-center\"><strong>Endlich war er wieder da \u2013 der Schnee! <\/strong><\/p>\n\n\n\n<p class=\"has-text-align-center\">Im Januar haben wir den Schnee in vollen Z\u00fcgen genossen! Mit viel Freude und Begeisterung ging es f\u00fcr die Kinder zum Schlittenfahren auf unseren kleinen H\u00fcgel im Garten.&nbsp; Nat\u00fcrlich bauten wir gemeinsam auch einen gro\u00dfen Schneemann mit Steinen als Augen und Mund, \u00c4ste als Arme und einem Topf als Hut \u2013 fertig war unser Winterkunstwerk. Mit ganz viel Freude genossen wir die sch\u00f6ne Winterlandschaft.<\/p>\n\n\n\n<div style=\"color:#ddd\" class=\"wp-block-genesis-blocks-gb-spacer gb-block-spacer gb-divider-solid gb-divider-size-1\"><hr style=\"height:30px\"\/><\/div>\n\n\n\n<h2 class=\"wp-block-heading\">Dezember 2025 <\/h2>\n\n\n<div class=\"wp-block-image\">\n<figure class=\"aligncenter size-large is-resized\"><img loading=\"lazy\" decoding=\"async\" width=\"1280\" height=\"853\" src=\"https:\/\/kita-pondorf.de\/wp-content\/uploads\/2025\/12\/Nikolaus-Froesche-Fische-edited.jpg\" alt=\"\" class=\"wp-image-1526\" style=\"width:709px;height:auto\" srcset=\"https:\/\/kita-pondorf.de\/wp-content\/uploads\/2025\/12\/Nikolaus-Froesche-Fische-edited.jpg 1280w, https:\/\/kita-pondorf.de\/wp-content\/uploads\/2025\/12\/Nikolaus-Froesche-Fische-edited-300x200.jpg 300w, https:\/\/kita-pondorf.de\/wp-content\/uploads\/2025\/12\/Nikolaus-Froesche-Fische-edited-1024x682.jpg 1024w, https:\/\/kita-pondorf.de\/wp-content\/uploads\/2025\/12\/Nikolaus-Froesche-Fische-edited-768x512.jpg 768w, https:\/\/kita-pondorf.de\/wp-content\/uploads\/2025\/12\/Nikolaus-Froesche-Fische-edited-600x400.jpg 600w, https:\/\/kita-pondorf.de\/wp-content\/uploads\/2025\/12\/Nikolaus-Froesche-Fische-edited-700x466.jpg 700w\" sizes=\"auto, (max-width: 1280px) 100vw, 1280px\" \/><\/figure>\n<\/div>\n\n\n<p class=\"has-text-align-center\"><strong>Der Dezember war sehr geheimnisvoll bei den Donaukids in Pondorf!<\/strong><\/p>\n\n\n\n<p class=\"has-text-align-center\">Ein HL. Mann namens Nikolaus<strong> <\/strong>besuchte die Kinder in allen Gruppen und brachte h\u00f6chstpers\u00f6nlich P\u00e4ckchen mit, die die Englein im Himmel f\u00fcr die Kinder gepackt hatten.<\/p>\n\n\n\n<p class=\"has-text-align-center\">Und sogar das Christkind fand den Weg nach Pondorf \u2013 wo die Kinder schon mit gro\u00dfer Spannung auf ein himmlisches Zeichen warteten \u2013 und tats\u00e4chlich war es dann soweit \u2013 weihnachtliche Musik mit Gl\u00f6ckchen Klang f\u00fchrte die Kinder ins \u201eWeihnachtszimmer\u201c in dem sie Geschenke f\u00fcr die Gruppe fanden. Bei gutem Essen und Kinderpunsch wurde dies anschlie\u00dfend gefeiert.<\/p>\n\n\n\n<p class=\"has-text-align-center\">Ein weiterer H\u00f6hepunkt war die Er\u00f6ffnung am Christkindlmarkt<strong> <\/strong>in Kirchroth, bei dem kleine Rentiere das Lied von \u201eRudolph\u201c auf der B\u00fchne mit voller Begeisterung pr\u00e4sentierten.<\/p>\n\n\n<div class=\"wp-block-image\">\n<figure class=\"aligncenter size-large is-resized\"><img loading=\"lazy\" decoding=\"async\" width=\"946\" height=\"631\" src=\"https:\/\/kita-pondorf.de\/wp-content\/uploads\/2025\/12\/HP-Dezember-edited.jpg\" alt=\"\" class=\"wp-image-1525\" style=\"aspect-ratio:1.4992265193370167;width:666px;height:auto\" srcset=\"https:\/\/kita-pondorf.de\/wp-content\/uploads\/2025\/12\/HP-Dezember-edited.jpg 946w, https:\/\/kita-pondorf.de\/wp-content\/uploads\/2025\/12\/HP-Dezember-edited-300x200.jpg 300w, https:\/\/kita-pondorf.de\/wp-content\/uploads\/2025\/12\/HP-Dezember-edited-768x512.jpg 768w, https:\/\/kita-pondorf.de\/wp-content\/uploads\/2025\/12\/HP-Dezember-edited-600x400.jpg 600w, https:\/\/kita-pondorf.de\/wp-content\/uploads\/2025\/12\/HP-Dezember-edited-700x467.jpg 700w\" sizes=\"auto, (max-width: 946px) 100vw, 946px\" \/><\/figure>\n<\/div>\n\n\n<div class=\"wp-block-genesis-blocks-gb-container gb-block-container\"><div class=\"gb-container-inside\"><div class=\"gb-container-content\">\n<div style=\"color:#ddd\" class=\"wp-block-genesis-blocks-gb-spacer gb-block-spacer gb-divider-solid gb-divider-size-1\"><hr style=\"height:34px\"\/><\/div>\n\n\n\n<h2 class=\"wp-block-heading has-text-align-left\">November 2025<\/h2>\n\n\n<div class=\"wp-block-image\">\n<figure class=\"aligncenter size-large is-resized\"><img loading=\"lazy\" decoding=\"async\" width=\"1024\" height=\"683\" src=\"https:\/\/kita-pondorf.de\/wp-content\/uploads\/2025\/11\/Sankt-Martin-HP-1024x683.jpg\" alt=\"\" class=\"wp-image-1513\" style=\"width:796px;height:auto\" srcset=\"https:\/\/kita-pondorf.de\/wp-content\/uploads\/2025\/11\/Sankt-Martin-HP-1024x683.jpg 1024w, https:\/\/kita-pondorf.de\/wp-content\/uploads\/2025\/11\/Sankt-Martin-HP-300x200.jpg 300w, https:\/\/kita-pondorf.de\/wp-content\/uploads\/2025\/11\/Sankt-Martin-HP-768x512.jpg 768w, https:\/\/kita-pondorf.de\/wp-content\/uploads\/2025\/11\/Sankt-Martin-HP-1536x1024.jpg 1536w, https:\/\/kita-pondorf.de\/wp-content\/uploads\/2025\/11\/Sankt-Martin-HP-2048x1365.jpg 2048w, https:\/\/kita-pondorf.de\/wp-content\/uploads\/2025\/11\/Sankt-Martin-HP-600x400.jpg 600w, https:\/\/kita-pondorf.de\/wp-content\/uploads\/2025\/11\/Sankt-Martin-HP-700x467.jpg 700w\" sizes=\"auto, (max-width: 1024px) 100vw, 1024px\" \/><\/figure>\n<\/div>\n\n\n<p class=\"has-text-align-center\"><strong>Lichter, Laternen und Gemeinschaft \u2013 Unsere St.-Martinsfeier im Kindergarten<\/strong><\/p>\n\n\n\n<p class=\"has-text-align-center\">In den vergangenen Wochen drehte sich bei uns im Kindergarten alles rund um St. Martin. Gemeinsam mit den Kindern haben wir eifrig Laternen gebastelt, Martinslieder ge\u00fcbt und uns in kleinen Rollenspielen mit der Geschichte des heiligen Martin besch\u00e4ftigt. Schon beim Schneiden, Kleben und Gestalten der Laternen konnte man die Vorfreude auf das gro\u00dfe Fest deutlich sp\u00fcren.<\/p>\n\n\n\n<p class=\"has-text-align-center\">Der H\u00f6hepunkt war dann unsere stimmungsvolle St.-Martinsfeier. Mit leuchtenden Laternen zogen die Kinder stolz im Laternenumzug durch den Pausenhof. Beim Martinsspiel wurde die bekannte Geschichte vom Mantelteilen liebevoll nachgespielt \u2013 ein Moment, der nicht nur die Kinder ber\u00fchrte. Anschlie\u00dfend tanzten wir zusammen den funkelnden Lichtertanz, der den Abend in eine ganz besondere Atmosph\u00e4re tauchte.<\/p>\n\n\n\n<p class=\"has-text-align-center\">Begleitet wurde die Feier von verschiedenen Martinsliedern, die die Kinder vorher mit viel Begeisterung einge\u00fcbt hatten. Ihre klaren, fr\u00f6hlichen Stimmen machten den Abend zu etwas ganz Besonderem.<\/p>\n\n\n\n<p class=\"has-text-align-center\">Wir danken allen Familien, die diesen besonderen Tag mit uns gefeiert haben \u2013 ein Fest des Lichts, der Gemeinschaft und des Teilens, ganz im Sinne von St. Martin.<\/p>\n\n\n\n<div style=\"color:#ddd\" class=\"wp-block-genesis-blocks-gb-spacer gb-block-spacer gb-divider-solid gb-divider-size-1\"><hr style=\"height:61px\"\/><\/div>\n<\/div><\/div><\/div>\n\n\n\n<div class=\"wp-block-genesis-blocks-gb-container gb-block-container\"><div class=\"gb-container-inside\"><div class=\"gb-container-content\">\n<h2 class=\"wp-block-heading\">Oktober 2025 <\/h2>\n<\/div><\/div><\/div>\n\n\n<div class=\"wp-block-image\">\n<figure class=\"aligncenter size-large is-resized\"><img loading=\"lazy\" decoding=\"async\" width=\"1024\" height=\"861\" src=\"https:\/\/kita-pondorf.de\/wp-content\/uploads\/2025\/10\/Elternbeirat-HP-1024x861.jpeg\" alt=\"\" class=\"wp-image-1503\" style=\"width:786px;height:auto\" srcset=\"https:\/\/kita-pondorf.de\/wp-content\/uploads\/2025\/10\/Elternbeirat-HP-1024x861.jpeg 1024w, https:\/\/kita-pondorf.de\/wp-content\/uploads\/2025\/10\/Elternbeirat-HP-300x252.jpeg 300w, https:\/\/kita-pondorf.de\/wp-content\/uploads\/2025\/10\/Elternbeirat-HP-768x645.jpeg 768w, https:\/\/kita-pondorf.de\/wp-content\/uploads\/2025\/10\/Elternbeirat-HP-1536x1291.jpeg 1536w, https:\/\/kita-pondorf.de\/wp-content\/uploads\/2025\/10\/Elternbeirat-HP-700x588.jpeg 700w, https:\/\/kita-pondorf.de\/wp-content\/uploads\/2025\/10\/Elternbeirat-HP.jpeg 1617w\" sizes=\"auto, (max-width: 1024px) 100vw, 1024px\" \/><\/figure>\n<\/div>\n\n\n<p class=\"has-text-align-center\"><strong>Am Mittwoch, den 22. Oktober, fand in unserem Haus eine Infoveranstaltung zum Thema<br>\u201eTrauer bei Kindern und Jugendlichen \u2013 verstehen und einf\u00fchlsam begleiten\u201c statt.<\/strong><\/p>\n\n\n\n<p class=\"has-text-align-center\">Initiiert wurde der Elternabend von unserem Elternbeirat.<br>Frau Tanja Heining, die ehrenamtlich die Kinder- und Jugendtrauergruppe \u201eMandalini\u201c des Hospizes Niederalteich begleitet, f\u00fchrte durch das spannende Thema.<\/p>\n\n\n\n<p class=\"has-text-align-center\">Mit viel Einf\u00fchlungsverm\u00f6gen und praktischer Erfahrung gew\u00e4hrte sie den Teilnehmenden Einblicke in ihre Arbeit mit trauernden Kindern und Jugendlichen und gab sowohl den Eltern als auch dem p\u00e4dagogischen Personal<strong> <\/strong>hilfreiche Tipps und Anregungen f\u00fcr den Umgang mit Trauerprozessen.<\/p>\n\n\n\n<p class=\"has-text-align-center\">Als Zeichen der Wertsch\u00e4tzung spendete der Elternbeirat,<strong> <\/strong>sowie die anwesenden Eltern<\/p>\n\n\n\n<p class=\"has-text-align-center\">an das St. Ursula Hospiz in Niederalteich.<\/p>\n\n\n\n<div style=\"color:#ddd\" class=\"wp-block-genesis-blocks-gb-spacer gb-block-spacer gb-divider-solid gb-divider-size-1\"><hr style=\"height:93px\"\/><\/div>\n\n\n<div class=\"wp-block-image\">\n<figure class=\"aligncenter size-full\"><img loading=\"lazy\" decoding=\"async\" width=\"815\" height=\"647\" src=\"https:\/\/kita-pondorf.de\/wp-content\/uploads\/2025\/10\/Bild-quer.jpeg\" alt=\"\" class=\"wp-image-1499\" srcset=\"https:\/\/kita-pondorf.de\/wp-content\/uploads\/2025\/10\/Bild-quer.jpeg 815w, https:\/\/kita-pondorf.de\/wp-content\/uploads\/2025\/10\/Bild-quer-300x238.jpeg 300w, https:\/\/kita-pondorf.de\/wp-content\/uploads\/2025\/10\/Bild-quer-768x610.jpeg 768w, https:\/\/kita-pondorf.de\/wp-content\/uploads\/2025\/10\/Bild-quer-700x556.jpeg 700w\" sizes=\"auto, (max-width: 815px) 100vw, 815px\" \/><\/figure>\n<\/div>\n\n\n<p class=\"has-text-align-center\"><strong>Gro\u00dfe Freude bei den Donauf\u00fcchsen: Karl Wanninger Stiftung spendet Hasenstall mit tierischen Bewohnern<\/strong><\/p>\n\n\n\n<p class=\"has-text-align-center\">Leuchtende Kinderaugen und fr\u00f6hliches Lachen erf\u00fcllten den Garten der Naturgruppe <em>Donauf\u00fcchse in Pondorf<\/em><em>,<\/em> als drei flauschige Zwergkaninchen in ihr neues Zuhause einzogen. Die Karl Wanninger Stiftung, vertreten durch Frau Klankermeier, spendete einen voll ausgestatteten Hasenstall im Wert von 1.000 Euro inklusive der tierischen Bewohner.<\/p>\n\n\n\n<p class=\"has-text-align-center\">Die Freude \u00fcber die neuen Mitbewohner ist bei den Kindern und dem p\u00e4dagogischen Team riesig. Mit gro\u00dfer Begeisterung und viel F\u00fcrsorge k\u00fcmmern sich die Kindergartenkinder nun um die Zwergkaninchen, lernen Verantwortung zu \u00fcbernehmen und entwickeln spielerisch einen liebevollen Zugang zur Tierwelt.<\/p>\n\n\n\n<p class=\"has-text-align-center\">Die Kindertagesst\u00e4tte DonauKids bedankt sich herzlich bei der Karl Wanninger Stiftung f\u00fcr diese gro\u00dfz\u00fcgige und nachhaltige Unterst\u00fctzung.<\/p>\n\n\n\n<div style=\"color:#ddd\" class=\"wp-block-genesis-blocks-gb-spacer gb-block-spacer gb-divider-solid gb-divider-size-1\"><hr style=\"height:91px\"\/><\/div>\n\n\n\n<h2 class=\"wp-block-heading\">September 2025 <\/h2>\n\n\n<div class=\"wp-block-image\">\n<figure class=\"aligncenter size-large\"><img loading=\"lazy\" decoding=\"async\" width=\"1024\" height=\"654\" src=\"https:\/\/kita-pondorf.de\/wp-content\/uploads\/2025\/10\/September-HP-1024x654.jpg\" alt=\"\" class=\"wp-image-1501\" srcset=\"https:\/\/kita-pondorf.de\/wp-content\/uploads\/2025\/10\/September-HP-1024x654.jpg 1024w, https:\/\/kita-pondorf.de\/wp-content\/uploads\/2025\/10\/September-HP-300x192.jpg 300w, https:\/\/kita-pondorf.de\/wp-content\/uploads\/2025\/10\/September-HP-768x491.jpg 768w, https:\/\/kita-pondorf.de\/wp-content\/uploads\/2025\/10\/September-HP-700x447.jpg 700w, https:\/\/kita-pondorf.de\/wp-content\/uploads\/2025\/10\/September-HP.jpg 1445w\" sizes=\"auto, (max-width: 1024px) 100vw, 1024px\" \/><\/figure>\n<\/div>\n\n\n<p class=\"has-text-align-center\"><strong>Der September war f\u00fcr viele Kinder ein aufregender Start in ein neues Abenteuer &#8211; der Kindergarten! <\/strong><\/p>\n\n\n\n<p class=\"has-text-align-center\">Unsere neuen Kinder d\u00fcrfen in Ruhe ankommen, ihre Gruppe kennenlernen und Schritt f\u00fcr Schritt Vertrauen fassen. <\/p>\n\n\n\n<p class=\"has-text-align-center\">Gemeinsam haben wir unsere Gruppenr\u00e4ume und den Garten entdeckt, neue Freundschaften geschlossen und uns in der Kindergartenwelt eingelebt. Mit Spielen im Garten bei Sonnenschein, bunten Bastelaktionen und vielen Liedern und Kreisspielen ist das Ankommen schnell gelungen. Nun f\u00fchlen sich alle Kinder richtig wohl bei uns.<\/p>\n\n\n\n<p class=\"has-text-align-center\">Wir sind bereit f\u00fcr viele weitere Erlebnisse, Entdeckungen und gemeinsame Abenteuer!<\/p>\n","protected":false},"excerpt":{"rendered":"<p>M\u00e4rz 2026 \u00dcberraschung im Kindergarten: Osterbesuch im M\u00e4rz Der M\u00e4rz stand in unserem Kindergarten ganz im Zeichen des Fr\u00fchlings und hielt eine ganz besondere \u00dcberraschung bereit. Am 25.03.3036 bekam unsere Einrichtung n\u00e4mlich Besuch vom Osterhasen! Mit viel Neugier und leuchtenden Augen entdeckten die Kinder die kleinen Geschenke, die f\u00fcr jedes von ihnen vorbereitet worden waren. [&hellip;]<\/p>\n","protected":false},"author":4,"featured_media":266,"parent":0,"menu_order":0,"comment_status":"closed","ping_status":"closed","template":"","meta":{"footnotes":""},"class_list":["post-292","page","type-page","status-publish","has-post-thumbnail","hentry"],"featured_image_src":"https:\/\/kita-pondorf.de\/wp-content\/uploads\/2021\/09\/RemoteMediaFile_6619369_0_2021_08_19_16_43_22-600x360.jpg","featured_image_src_square":"https:\/\/kita-pondorf.de\/wp-content\/uploads\/2021\/09\/RemoteMediaFile_6619369_0_2021_08_19_16_43_22-600x360.jpg","_links":{"self":[{"href":"https:\/\/kita-pondorf.de\/index.php?rest_route=\/wp\/v2\/pages\/292","targetHints":{"allow":["GET"]}}],"collection":[{"href":"https:\/\/kita-pondorf.de\/index.php?rest_route=\/wp\/v2\/pages"}],"about":[{"href":"https:\/\/kita-pondorf.de\/index.php?rest_route=\/wp\/v2\/types\/page"}],"author":[{"embeddable":true,"href":"https:\/\/kita-pondorf.de\/index.php?rest_route=\/wp\/v2\/users\/4"}],"replies":[{"embeddable":true,"href":"https:\/\/kita-pondorf.de\/index.php?rest_route=%2Fwp%2Fv2%2Fcomments&post=292"}],"version-history":[{"count":83,"href":"https:\/\/kita-pondorf.de\/index.php?rest_route=\/wp\/v2\/pages\/292\/revisions"}],"predecessor-version":[{"id":1551,"href":"https:\/\/kita-pondorf.de\/index.php?rest_route=\/wp\/v2\/pages\/292\/revisions\/1551"}],"wp:featuredmedia":[{"embeddable":true,"href":"https:\/\/kita-pondorf.de\/index.php?rest_route=\/wp\/v2\/media\/266"}],"wp:attachment":[{"href":"https:\/\/kita-pondorf.de\/index.php?rest_route=%2Fwp%2Fv2%2Fmedia&parent=292"}],"curies":[{"name":"wp","href":"https:\/\/api.w.org\/{rel}","templated":true}]}}