{"id":173,"date":"2020-09-21T12:18:06","date_gmt":"2020-09-21T12:18:06","guid":{"rendered":"https:\/\/kita-pondorf.de\/?page_id=173"},"modified":"2025-09-17T07:22:25","modified_gmt":"2025-09-17T07:22:25","slug":"gruppe-froesche","status":"publish","type":"page","link":"https:\/\/kita-pondorf.de\/?page_id=173","title":{"rendered":"Gruppe Fr\u00f6sche"},"content":{"rendered":"\n<h2 class=\"wp-block-heading\">Kontakt<\/h2>\n\n\n\n<p class=\"has-text-align-left\">Tel.: (09428) 97 799 11<\/p>\n\n\n\n<p class=\"has-text-align-left\">Email: froesche@kita-pondorf.de<\/p>\n\n\n\n<div class=\"wp-block-columns is-layout-flex wp-container-core-columns-is-layout-9d6595d7 wp-block-columns-is-layout-flex\">\n<div class=\"wp-block-column is-layout-flow wp-block-column-is-layout-flow\">\n<div style=\"color:#ddd\" class=\"wp-block-genesis-blocks-gb-spacer gb-block-spacer gb-divider-solid gb-divider-size-1\"><hr style=\"height:36px\"\/><\/div>\n\n\n\n<h1 class=\"wp-block-heading has-text-align-left\">P\u00e4dagogisches Personal<\/h1>\n<\/div>\n<\/div>\n\n\n\n<div class=\"wp-block-columns is-layout-flex wp-container-core-columns-is-layout-9d6595d7 wp-block-columns-is-layout-flex\">\n<div class=\"wp-block-column is-layout-flow wp-block-column-is-layout-flow\">\n<div class=\"wp-block-columns is-layout-flex wp-container-core-columns-is-layout-9d6595d7 wp-block-columns-is-layout-flex\">\n<div class=\"wp-block-column is-layout-flow wp-block-column-is-layout-flow\">\n<figure class=\"wp-block-image size-large\"><img loading=\"lazy\" decoding=\"async\" width=\"1024\" height=\"683\" src=\"https:\/\/kita-pondorf.de\/wp-content\/uploads\/2025\/09\/Personal-Froesche--1024x683.jpg\" alt=\"\" class=\"wp-image-1361\" srcset=\"https:\/\/kita-pondorf.de\/wp-content\/uploads\/2025\/09\/Personal-Froesche--1024x683.jpg 1024w, https:\/\/kita-pondorf.de\/wp-content\/uploads\/2025\/09\/Personal-Froesche--300x200.jpg 300w, https:\/\/kita-pondorf.de\/wp-content\/uploads\/2025\/09\/Personal-Froesche--768x512.jpg 768w, https:\/\/kita-pondorf.de\/wp-content\/uploads\/2025\/09\/Personal-Froesche--1536x1024.jpg 1536w, https:\/\/kita-pondorf.de\/wp-content\/uploads\/2025\/09\/Personal-Froesche--600x400.jpg 600w, https:\/\/kita-pondorf.de\/wp-content\/uploads\/2025\/09\/Personal-Froesche--700x467.jpg 700w, https:\/\/kita-pondorf.de\/wp-content\/uploads\/2025\/09\/Personal-Froesche-.jpg 1920w\" sizes=\"auto, (max-width: 1024px) 100vw, 1024px\" \/><\/figure>\n<\/div>\n<\/div>\n<\/div>\n<\/div>\n\n\n\n<figure class=\"wp-block-table\"><table class=\"has-fixed-layout\"><tbody><tr><td class=\"has-text-align-center\" data-align=\"center\"><strong>Julia Schaub<\/strong><\/td><td class=\"has-text-align-center\" data-align=\"center\"><strong>Renate Stahl <\/strong><\/td><td class=\"has-text-align-center\" data-align=\"center\"><strong>Nicole Simmel<\/strong><\/td><td class=\"has-text-align-center\" data-align=\"center\"><strong>Gertraud B\u00f6sl<\/strong><\/td><\/tr><tr><td class=\"has-text-align-center\" data-align=\"center\">P\u00e4dagogische Assistenzkraft<br>In Ausbildung zur p\u00e4dagogischen Erg\u00e4nzungskraft<br><\/td><td class=\"has-text-align-center\" data-align=\"center\">Gruppenleitung<br>Erzieherin<\/td><td class=\"has-text-align-center\" data-align=\"center\">Erzieherin<br><\/td><td class=\"has-text-align-center\" data-align=\"center\">Kinderpflegerin<br><\/td><\/tr><\/tbody><\/table><\/figure>\n\n\n\n<div class=\"wp-block-columns is-layout-flex wp-container-core-columns-is-layout-9d6595d7 wp-block-columns-is-layout-flex\">\n<div class=\"wp-block-column is-layout-flow wp-block-column-is-layout-flow\" style=\"flex-basis:66.66%\">\n<p><\/p>\n<\/div>\n\n\n\n<div class=\"wp-block-column is-layout-flow wp-block-column-is-layout-flow\" style=\"flex-basis:33.33%\"><\/div>\n<\/div>\n\n\n\n<div class=\"wp-block-columns is-layout-flex wp-container-core-columns-is-layout-9d6595d7 wp-block-columns-is-layout-flex\">\n<div class=\"wp-block-column is-layout-flow wp-block-column-is-layout-flow\">\n<h3 class=\"wp-block-heading\">Unsere R\u00e4umlichkeiten:<\/h3>\n<\/div>\n<\/div>\n\n\n\n<ul class=\"wp-block-list\">\n<li>Hauptgeb\u00e4ude rechte Gruppe<\/li>\n\n\n\n<li>Gruppenraum: Maltisch, Brotzeittisch, kleine Spielecke, Puppen- und Leseecke<\/li>\n\n\n\n<li>gro\u00dfe K\u00fcchenzeile<\/li>\n\n\n\n<li>Nebenraum: Bauecke (wechselnde Spielmaterialien) und M\u00f6glichkeit f\u00fcr Kleingruppenarbeiten<\/li>\n\n\n\n<li>kleiner Nebenraum als Ruheraum<\/li>\n\n\n\n<li>direkter Terrassenzugang<\/li>\n\n\n\n<li>Sanit\u00e4rbereich \u00fcber die Garderobe erreichbar<\/li>\n<\/ul>\n\n\n\n<div style=\"color:#ddd\" class=\"wp-block-genesis-blocks-gb-spacer gb-block-spacer gb-divider-solid gb-divider-size-1\"><hr style=\"height:47px\"\/><\/div>\n\n\n\n<div class=\"wp-block-columns is-layout-flex wp-container-core-columns-is-layout-9d6595d7 wp-block-columns-is-layout-flex\">\n<div class=\"wp-block-column is-layout-flow wp-block-column-is-layout-flow\">\n<h3 class=\"wp-block-heading\">Unser Tagesablauf: <\/h3>\n\n\n\n<figure class=\"wp-block-table is-style-stripes\"><table><tbody><tr><td>7.00 &#8211; 7.30 Uhr<\/td><td><strong>Bringzeit Fr\u00fchdienst<\/strong><\/td><\/tr><tr><td>7.30 &#8211; 8.00 Uhr<\/td><td><strong>Bringzeit<\/strong><\/td><\/tr><tr><td>8.00 &#8211; 12.00 Uhr<\/td><td><strong>P\u00e4dagogische Kernzeit:<\/strong><br>&#8211; Morgenkreis <br>&#8211; Freispiel<br>&#8211; P\u00e4dagogische Angebote (Experimente, Bilderbuchbetrachtungen, Bastelarbeiten, usw.)<br>&#8211; Vorschule, Hexenschule<br>&#8211; Turnstunde<br>&#8211; Brotzeit oder gesundes Fr\u00fchst\u00fcck &#8211;&gt; (1x monatlich)<br>&#8211; Mittagessen<br>&#8211; Gartenzeit<\/td><\/tr><tr><td>12.00 &#8211; 12.30 Uhr<\/td><td><strong>Abholzeit<\/strong><\/td><\/tr><tr><td>12.30 &#8211; 13.30\/16.00 Uhr<\/td><td><strong>Verl\u00e4ngerte Gruppe<\/strong><br>(Montag bis Mittwoch bis 16.00 Uhr; Donnerstag + Freitag bis 13.30 Uhr)<\/td><\/tr><\/tbody><\/table><\/figure>\n<\/div>\n<\/div>\n\n\n\n<p><\/p>\n","protected":false},"excerpt":{"rendered":"<p>Kontakt Tel.: (09428) 97 799 11 Email: froesche@kita-pondorf.de P\u00e4dagogisches Personal Julia Schaub Renate Stahl Nicole Simmel Gertraud B\u00f6sl P\u00e4dagogische AssistenzkraftIn Ausbildung zur p\u00e4dagogischen Erg\u00e4nzungskraft GruppenleitungErzieherin Erzieherin Kinderpflegerin Unsere R\u00e4umlichkeiten: Unser Tagesablauf: 7.00 &#8211; 7.30 Uhr Bringzeit Fr\u00fchdienst 7.30 &#8211; 8.00 Uhr Bringzeit 8.00 &#8211; 12.00 Uhr P\u00e4dagogische Kernzeit:&#8211; Morgenkreis &#8211; Freispiel&#8211; P\u00e4dagogische Angebote (Experimente, Bilderbuchbetrachtungen, [&hellip;]<\/p>\n","protected":false},"author":1,"featured_media":222,"parent":20,"menu_order":7,"comment_status":"closed","ping_status":"closed","template":"","meta":{"footnotes":""},"class_list":["post-173","page","type-page","status-publish","has-post-thumbnail","hentry"],"featured_image_src":"https:\/\/kita-pondorf.de\/wp-content\/uploads\/2021\/09\/kitapondorf.frosch.huegel-600x400.jpg","featured_image_src_square":"https:\/\/kita-pondorf.de\/wp-content\/uploads\/2021\/09\/kitapondorf.frosch.huegel-600x600.jpg","_links":{"self":[{"href":"https:\/\/kita-pondorf.de\/index.php?rest_route=\/wp\/v2\/pages\/173","targetHints":{"allow":["GET"]}}],"collection":[{"href":"https:\/\/kita-pondorf.de\/index.php?rest_route=\/wp\/v2\/pages"}],"about":[{"href":"https:\/\/kita-pondorf.de\/index.php?rest_route=\/wp\/v2\/types\/page"}],"author":[{"embeddable":true,"href":"https:\/\/kita-pondorf.de\/index.php?rest_route=\/wp\/v2\/users\/1"}],"replies":[{"embeddable":true,"href":"https:\/\/kita-pondorf.de\/index.php?rest_route=%2Fwp%2Fv2%2Fcomments&post=173"}],"version-history":[{"count":21,"href":"https:\/\/kita-pondorf.de\/index.php?rest_route=\/wp\/v2\/pages\/173\/revisions"}],"predecessor-version":[{"id":1470,"href":"https:\/\/kita-pondorf.de\/index.php?rest_route=\/wp\/v2\/pages\/173\/revisions\/1470"}],"up":[{"embeddable":true,"href":"https:\/\/kita-pondorf.de\/index.php?rest_route=\/wp\/v2\/pages\/20"}],"wp:featuredmedia":[{"embeddable":true,"href":"https:\/\/kita-pondorf.de\/index.php?rest_route=\/wp\/v2\/media\/222"}],"wp:attachment":[{"href":"https:\/\/kita-pondorf.de\/index.php?rest_route=%2Fwp%2Fv2%2Fmedia&parent=173"}],"curies":[{"name":"wp","href":"https:\/\/api.w.org\/{rel}","templated":true}]}}