{"id":156,"date":"2020-09-07T12:48:15","date_gmt":"2020-09-07T12:48:15","guid":{"rendered":"https:\/\/kita-pondorf.de\/?page_id=156"},"modified":"2025-09-16T06:05:53","modified_gmt":"2025-09-16T06:05:53","slug":"biber","status":"publish","type":"page","link":"https:\/\/kita-pondorf.de\/?page_id=156","title":{"rendered":"Inklusionsgruppe Biber"},"content":{"rendered":"\n<h2 class=\"wp-block-heading\">Kontakt<\/h2>\n\n\n\n<p>Tel.: (09428) 97 799 13<\/p>\n\n\n\n<p>Email: biber@kita-pondorf.de<\/p>\n\n\n\n<div style=\"color:#ddd\" class=\"wp-block-genesis-blocks-gb-spacer gb-block-spacer gb-divider-solid gb-divider-size-1\"><hr style=\"height:51px\"\/><\/div>\n\n\n\n<div class=\"wp-block-columns is-layout-flex wp-container-core-columns-is-layout-9d6595d7 wp-block-columns-is-layout-flex\">\n<div class=\"wp-block-column is-layout-flow wp-block-column-is-layout-flow\">\n<h1 class=\"wp-block-heading has-text-align-left\">P\u00e4dagogisches Personal <\/h1>\n\n\n\n<figure class=\"wp-block-gallery has-nested-images columns-default is-cropped wp-block-gallery-1 is-layout-flex wp-block-gallery-is-layout-flex\">\n<figure class=\"wp-block-image size-large\"><img loading=\"lazy\" decoding=\"async\" width=\"1024\" height=\"683\" data-id=\"1355\" src=\"https:\/\/kita-pondorf.de\/wp-content\/uploads\/2025\/09\/Personal-Biber-1024x683.jpg\" alt=\"\" class=\"wp-image-1355\" srcset=\"https:\/\/kita-pondorf.de\/wp-content\/uploads\/2025\/09\/Personal-Biber-1024x683.jpg 1024w, https:\/\/kita-pondorf.de\/wp-content\/uploads\/2025\/09\/Personal-Biber-300x200.jpg 300w, https:\/\/kita-pondorf.de\/wp-content\/uploads\/2025\/09\/Personal-Biber-768x512.jpg 768w, https:\/\/kita-pondorf.de\/wp-content\/uploads\/2025\/09\/Personal-Biber-1536x1024.jpg 1536w, https:\/\/kita-pondorf.de\/wp-content\/uploads\/2025\/09\/Personal-Biber-600x400.jpg 600w, https:\/\/kita-pondorf.de\/wp-content\/uploads\/2025\/09\/Personal-Biber-700x467.jpg 700w, https:\/\/kita-pondorf.de\/wp-content\/uploads\/2025\/09\/Personal-Biber.jpg 1920w\" sizes=\"auto, (max-width: 1024px) 100vw, 1024px\" \/><\/figure>\n<\/figure>\n<\/div>\n<\/div>\n\n\n\n<figure class=\"wp-block-table\"><table class=\"has-fixed-layout\"><tbody><tr><td class=\"has-text-align-center\" data-align=\"center\"><strong>Gaby Zirngibl<\/strong><\/td><td class=\"has-text-align-center\" data-align=\"center\"><strong>Sina Iota-Frunza<\/strong><\/td><td class=\"has-text-align-center\" data-align=\"center\"><strong>Melanie Brandl<\/strong><\/td><td class=\"has-text-align-center\" data-align=\"center\"><strong>Vanessa Prasch<\/strong> <\/td><\/tr><tr><td class=\"has-text-align-center\" data-align=\"center\">Kinderpflegerin<br>Fachkraft f\u00fcr fr\u00fchkindliche Sprachf\u00f6rderung<\/td><td class=\"has-text-align-center\" data-align=\"center\">Gruppenleitung <br>Erzieherin <br>In Ausbildung zur Fachkraft f\u00fcr Inklusion<\/td><td class=\"has-text-align-center\" data-align=\"center\">Kinderpflegerin <br>Krippenp\u00e4dagogin <br><\/td><td class=\"has-text-align-center\" data-align=\"center\">Heilerziehungspflegehelferin<br><br><\/td><\/tr><\/tbody><\/table><\/figure>\n\n\n\n<div style=\"color:#ddd\" class=\"wp-block-genesis-blocks-gb-spacer gb-block-spacer gb-divider-solid gb-divider-size-1\"><hr style=\"height:57px\"\/><\/div>\n\n\n\n<div class=\"wp-block-columns is-layout-flex wp-container-core-columns-is-layout-9d6595d7 wp-block-columns-is-layout-flex\">\n<div class=\"wp-block-column is-layout-flow wp-block-column-is-layout-flow\">\n<h3 class=\"wp-block-heading\">Unsere R\u00e4umlichkeiten: <\/h3>\n\n\n\n<ul class=\"wp-block-list\">\n<li>Gruppenraum mit Brotzeittisch, Mal- und Basteltisch und Puppenwohnung<\/li>\n\n\n\n<li>angrenzender Sanit\u00e4rbereich <\/li>\n\n\n\n<li>Nebenraum: Bauecke und Ecke f\u00fcr Kleingruppenarbeiten<\/li>\n\n\n\n<li>Nebenraum: Snoezelenraum mit Wassers\u00e4ule, Lichteffekten und Sitz- bzw. Liegem\u00f6glichkeiten; der Raum kann komplett verdunkelt werden<\/li>\n\n\n\n<li>Garderobe und Eingangsbereich: dieser Bereich wird f\u00fcr kleine Spielecken genutzt mit wechselnden Spielmaterialien<\/li>\n\n\n\n<li>gro\u00dfe Terrasse mit direktem Zugang zum Garten; Au\u00dfenk\u00fcche\/ Matschk\u00fcche zum Spielen<\/li>\n\n\n\n<li>Schuppen als Au\u00dfenspielecke mit wechselnden Spielmaterialien <\/li>\n<\/ul>\n\n\n\n<div style=\"color:#ddd\" class=\"wp-block-genesis-blocks-gb-spacer gb-block-spacer gb-divider-solid gb-divider-size-1\"><hr style=\"height:69px\"\/><\/div>\n<\/div>\n<\/div>\n\n\n\n<div class=\"wp-block-columns is-layout-flex wp-container-core-columns-is-layout-9d6595d7 wp-block-columns-is-layout-flex\">\n<div class=\"wp-block-column is-layout-flow wp-block-column-is-layout-flow\">\n<h3 class=\"wp-block-heading\">Unser Tagesablauf:<\/h3>\n\n\n\n<figure class=\"wp-block-table is-style-stripes\"><table><tbody><tr><td>7.00 &#8211; 7.30 Uhr<\/td><td><strong>Bringzeit Fr\u00fchdienst<\/strong><\/td><\/tr><tr><td>7.30 &#8211; 8.00 Uhr<\/td><td><strong>Bringzeit<\/strong><\/td><\/tr><tr><td>8.00 &#8211; 12.00 Uhr<\/td><td><strong>P\u00e4dagogische Kernzeit: <\/strong><br>&#8211; Morgenkreis <br>&#8211; Freispiel <br>(Puppenwohnung, Tischspiele, Bauecke, usw.) <br>&#8211; P\u00e4dagogische Angebote (Experimente, Bilderbuchbetrachtung, Bastelarbeiten, usw.)<br>&#8211; Vorschule, Hexenschule<br>&#8211; Turnstunde<br>&#8211; Geburtstagsfeier<br>&#8211; Gleitende Brotzeit oder gesundes Fr\u00fchst\u00fcck &#8211;&gt; (1x monatlich)<br>&#8211; Gartenzeit<br>&#8211; Mittagessen<\/td><\/tr><tr><td>12.00 &#8211; 12:30 Uhr<\/td><td><strong>Abholzeit<\/strong><\/td><\/tr><tr><td>12:30 &#8211; 16.00 Uhr<\/td><td><strong>Verl\u00e4ngerte Gruppe im Haupthaus (Gruppe Fische\/Fr\u00f6sche)<\/strong><br>(Montag bis Mittwoch bis 16.00 Uhr; Donnerstag + Freitag bis 13.30 Uhr)<\/td><\/tr><\/tbody><\/table><\/figure>\n<\/div>\n<\/div>\n\n\n\n<p><\/p>\n","protected":false},"excerpt":{"rendered":"<p>Kontakt Tel.: (09428) 97 799 13 Email: biber@kita-pondorf.de P\u00e4dagogisches Personal Gaby Zirngibl Sina Iota-Frunza Melanie Brandl Vanessa Prasch KinderpflegerinFachkraft f\u00fcr fr\u00fchkindliche Sprachf\u00f6rderung Gruppenleitung Erzieherin In Ausbildung zur Fachkraft f\u00fcr Inklusion Kinderpflegerin Krippenp\u00e4dagogin Heilerziehungspflegehelferin Unsere R\u00e4umlichkeiten: Unser Tagesablauf: 7.00 &#8211; 7.30 Uhr Bringzeit Fr\u00fchdienst 7.30 &#8211; 8.00 Uhr Bringzeit 8.00 &#8211; 12.00 Uhr P\u00e4dagogische Kernzeit: &#8211; [&hellip;]<\/p>\n","protected":false},"author":2,"featured_media":223,"parent":20,"menu_order":1,"comment_status":"closed","ping_status":"closed","template":"","meta":{"footnotes":""},"class_list":["post-156","page","type-page","status-publish","has-post-thumbnail","hentry"],"featured_image_src":"https:\/\/kita-pondorf.de\/wp-content\/uploads\/2021\/09\/kitapondorf.biber_.stamm_-2-600x400.jpg","featured_image_src_square":"https:\/\/kita-pondorf.de\/wp-content\/uploads\/2021\/09\/kitapondorf.biber_.stamm_-2-600x600.jpg","_links":{"self":[{"href":"https:\/\/kita-pondorf.de\/index.php?rest_route=\/wp\/v2\/pages\/156","targetHints":{"allow":["GET"]}}],"collection":[{"href":"https:\/\/kita-pondorf.de\/index.php?rest_route=\/wp\/v2\/pages"}],"about":[{"href":"https:\/\/kita-pondorf.de\/index.php?rest_route=\/wp\/v2\/types\/page"}],"author":[{"embeddable":true,"href":"https:\/\/kita-pondorf.de\/index.php?rest_route=\/wp\/v2\/users\/2"}],"replies":[{"embeddable":true,"href":"https:\/\/kita-pondorf.de\/index.php?rest_route=%2Fwp%2Fv2%2Fcomments&post=156"}],"version-history":[{"count":30,"href":"https:\/\/kita-pondorf.de\/index.php?rest_route=\/wp\/v2\/pages\/156\/revisions"}],"predecessor-version":[{"id":1458,"href":"https:\/\/kita-pondorf.de\/index.php?rest_route=\/wp\/v2\/pages\/156\/revisions\/1458"}],"up":[{"embeddable":true,"href":"https:\/\/kita-pondorf.de\/index.php?rest_route=\/wp\/v2\/pages\/20"}],"wp:featuredmedia":[{"embeddable":true,"href":"https:\/\/kita-pondorf.de\/index.php?rest_route=\/wp\/v2\/media\/223"}],"wp:attachment":[{"href":"https:\/\/kita-pondorf.de\/index.php?rest_route=%2Fwp%2Fv2%2Fmedia&parent=156"}],"curies":[{"name":"wp","href":"https:\/\/api.w.org\/{rel}","templated":true}]}}

<h2 class="wp-block-heading">Kontakt</h2>



<p>Tel.: (09428) 97 799 13</p>



<p>Email: biber@kita-pondorf.de</p>



<div style="color:#ddd" class="wp-block-genesis-blocks-gb-spacer gb-block-spacer gb-divider-solid gb-divider-size-1"><hr style="height:51px"/></div>



<div class="wp-block-columns is-layout-flex wp-container-core-columns-is-layout-9d6595d7 wp-block-columns-is-layout-flex">
<div class="wp-block-column is-layout-flow wp-block-column-is-layout-flow">
<h1 class="wp-block-heading has-text-align-left">Pädagogisches Personal </h1>



<figure class="wp-block-gallery has-nested-images columns-default is-cropped wp-block-gallery-1 is-layout-flex wp-block-gallery-is-layout-flex">
<figure class="wp-block-image size-large"><img loading="lazy" decoding="async" width="1024" height="683" data-id="1355" src="https://kita-pondorf.de/wp-content/uploads/2025/09/Personal-Biber-1024x683.jpg" alt="" class="wp-image-1355" srcset="https://kita-pondorf.de/wp-content/uploads/2025/09/Personal-Biber-1024x683.jpg 1024w, https://kita-pondorf.de/wp-content/uploads/2025/09/Personal-Biber-300x200.jpg 300w, https://kita-pondorf.de/wp-content/uploads/2025/09/Personal-Biber-768x512.jpg 768w, https://kita-pondorf.de/wp-content/uploads/2025/09/Personal-Biber-1536x1024.jpg 1536w, https://kita-pondorf.de/wp-content/uploads/2025/09/Personal-Biber-600x400.jpg 600w, https://kita-pondorf.de/wp-content/uploads/2025/09/Personal-Biber-700x467.jpg 700w, https://kita-pondorf.de/wp-content/uploads/2025/09/Personal-Biber.jpg 1920w" sizes="auto, (max-width: 1024px) 100vw, 1024px" /></figure>
</figure>
</div>
</div>



<figure class="wp-block-table"><table class="has-fixed-layout"><tbody><tr><td class="has-text-align-center" data-align="center"><strong>Gaby Zirngibl</strong></td><td class="has-text-align-center" data-align="center"><strong>Sina Iota-Frunza</strong></td><td class="has-text-align-center" data-align="center"><strong>Melanie Brandl</strong></td><td class="has-text-align-center" data-align="center"><strong>Vanessa Prasch</strong> </td></tr><tr><td class="has-text-align-center" data-align="center">Kinderpflegerin<br>Fachkraft für frühkindliche Sprachförderung</td><td class="has-text-align-center" data-align="center">Gruppenleitung <br>Erzieherin <br>In Ausbildung zur Fachkraft für Inklusion</td><td class="has-text-align-center" data-align="center">Kinderpflegerin <br>Krippenpädagogin <br></td><td class="has-text-align-center" data-align="center">Heilerziehungspflegehelferin<br><br></td></tr></tbody></table></figure>



<div style="color:#ddd" class="wp-block-genesis-blocks-gb-spacer gb-block-spacer gb-divider-solid gb-divider-size-1"><hr style="height:57px"/></div>



<div class="wp-block-columns is-layout-flex wp-container-core-columns-is-layout-9d6595d7 wp-block-columns-is-layout-flex">
<div class="wp-block-column is-layout-flow wp-block-column-is-layout-flow">
<h3 class="wp-block-heading">Unsere Räumlichkeiten: </h3>



<ul class="wp-block-list">
<li>Gruppenraum mit Brotzeittisch, Mal- und Basteltisch und Puppenwohnung</li>



<li>angrenzender Sanitärbereich </li>



<li>Nebenraum: Bauecke und Ecke für Kleingruppenarbeiten</li>



<li>Nebenraum: Snoezelenraum mit Wassersäule, Lichteffekten und Sitz- bzw. Liegemöglichkeiten; der Raum kann komplett verdunkelt werden</li>



<li>Garderobe und Eingangsbereich: dieser Bereich wird für kleine Spielecken genutzt mit wechselnden Spielmaterialien</li>



<li>große Terrasse mit direktem Zugang zum Garten; Außenküche/ Matschküche zum Spielen</li>



<li>Schuppen als Außenspielecke mit wechselnden Spielmaterialien </li>
</ul>



<div style="color:#ddd" class="wp-block-genesis-blocks-gb-spacer gb-block-spacer gb-divider-solid gb-divider-size-1"><hr style="height:69px"/></div>
</div>
</div>



<div class="wp-block-columns is-layout-flex wp-container-core-columns-is-layout-9d6595d7 wp-block-columns-is-layout-flex">
<div class="wp-block-column is-layout-flow wp-block-column-is-layout-flow">
<h3 class="wp-block-heading">Unser Tagesablauf:</h3>



<figure class="wp-block-table is-style-stripes"><table><tbody><tr><td>7.00 &#8211; 7.30 Uhr</td><td><strong>Bringzeit Frühdienst</strong></td></tr><tr><td>7.30 &#8211; 8.00 Uhr</td><td><strong>Bringzeit</strong></td></tr><tr><td>8.00 &#8211; 12.00 Uhr</td><td><strong>Pädagogische Kernzeit: </strong><br>&#8211; Morgenkreis <br>&#8211; Freispiel <br>(Puppenwohnung, Tischspiele, Bauecke, usw.) <br>&#8211; Pädagogische Angebote (Experimente, Bilderbuchbetrachtung, Bastelarbeiten, usw.)<br>&#8211; Vorschule, Hexenschule<br>&#8211; Turnstunde<br>&#8211; Geburtstagsfeier<br>&#8211; Gleitende Brotzeit oder gesundes Frühstück &#8211;&gt; (1x monatlich)<br>&#8211; Gartenzeit<br>&#8211; Mittagessen</td></tr><tr><td>12.00 &#8211; 12:30 Uhr</td><td><strong>Abholzeit</strong></td></tr><tr><td>12:30 &#8211; 16.00 Uhr</td><td><strong>Verlängerte Gruppe im Haupthaus (Gruppe Fische/Frösche)</strong><br>(Montag bis Mittwoch bis 16.00 Uhr; Donnerstag + Freitag bis 13.30 Uhr)</td></tr></tbody></table></figure>
</div>
</div>



<p></p>

<p>Kontakt Tel.: (09428) 97 799 13 Email: biber@kita-pondorf.de Pädagogisches Personal Gaby Zirngibl Sina Iota-Frunza Melanie Brandl Vanessa Prasch KinderpflegerinFachkraft für frühkindliche Sprachförderung Gruppenleitung Erzieherin In Ausbildung zur Fachkraft für Inklusion Kinderpflegerin Krippenpädagogin Heilerziehungspflegehelferin Unsere Räumlichkeiten: Unser Tagesablauf: 7.00 &#8211; 7.30 Uhr Bringzeit Frühdienst 7.30 &#8211; 8.00 Uhr Bringzeit 8.00 &#8211; 12.00 Uhr Pädagogische Kernzeit: &#8211; [&hellip;]</p>
