{"id":1409,"date":"2025-09-15T08:20:11","date_gmt":"2025-09-15T08:20:11","guid":{"rendered":"https:\/\/kita-pondorf.de\/?page_id=1409"},"modified":"2026-03-10T08:28:35","modified_gmt":"2026-03-10T08:28:35","slug":"naturpaedagogik","status":"publish","type":"page","link":"https:\/\/kita-pondorf.de\/?page_id=1409","title":{"rendered":"Naturp\u00e4dagogik"},"content":{"rendered":"\n<p class=\"has-text-align-center\"><strong>Naturp\u00e4dagogik bedeutet f\u00fcr uns: Lernen mit und in der Natur. <\/strong><\/p>\n\n\n\n<p class=\"has-text-align-center\">Kinder erleben in unserer Naturgruppe Donauf\u00fcchse die Welt drau\u00dfen, ob auf der Wiese, auf den Feldern oder am Wasser, mit allen Sinnen. Dabei geht es nicht nur um Wissen \u00fcber Pflanzen und Tiere, sondern darum, den Kindern einen achtsamen, verantwortungsvollen und wertsch\u00e4tzenden Umgang mit ihrer Umwelt zu erm\u00f6glichen. <\/p>\n\n\n\n<div class=\"wp-block-columns is-layout-flex wp-container-core-columns-is-layout-9d6595d7 wp-block-columns-is-layout-flex\">\n<div class=\"wp-block-column is-layout-flow wp-block-column-is-layout-flow\">\n<figure class=\"wp-block-image size-full\"><img loading=\"lazy\" decoding=\"async\" width=\"640\" height=\"360\" src=\"https:\/\/kita-pondorf.de\/wp-content\/uploads\/2024\/12\/Naturgruppe-4.jpg\" alt=\"\" class=\"wp-image-1156\" srcset=\"https:\/\/kita-pondorf.de\/wp-content\/uploads\/2024\/12\/Naturgruppe-4.jpg 640w, https:\/\/kita-pondorf.de\/wp-content\/uploads\/2024\/12\/Naturgruppe-4-300x169.jpg 300w\" sizes=\"auto, (max-width: 640px) 100vw, 640px\" \/><\/figure>\n<\/div>\n\n\n\n<div class=\"wp-block-column is-layout-flow wp-block-column-is-layout-flow\">\n<figure class=\"wp-block-image size-full\"><img loading=\"lazy\" decoding=\"async\" width=\"640\" height=\"360\" src=\"https:\/\/kita-pondorf.de\/wp-content\/uploads\/2024\/12\/Naturgruppe-2.jpg\" alt=\"\" class=\"wp-image-1154\" srcset=\"https:\/\/kita-pondorf.de\/wp-content\/uploads\/2024\/12\/Naturgruppe-2.jpg 640w, https:\/\/kita-pondorf.de\/wp-content\/uploads\/2024\/12\/Naturgruppe-2-300x169.jpg 300w\" sizes=\"auto, (max-width: 640px) 100vw, 640px\" \/><\/figure>\n<\/div>\n<\/div>\n\n\n\n<div style=\"color:#ddd\" class=\"wp-block-genesis-blocks-gb-spacer gb-block-spacer gb-divider-solid gb-divider-size-1\"><hr style=\"height:36px\"\/><\/div>\n\n\n\n<p><strong>Unsere Ziele:<\/strong><\/p>\n\n\n\n<ul class=\"wp-block-list\">\n<li>Naturverbundenheit zu entwickeln und die Jahreszeiten hautnah zu erleben.<\/li>\n\n\n\n<li>Empathie und Verantwortung im Umgang mit Tieren, Pflanzen und Menschen zu st\u00e4rken.<\/li>\n\n\n\n<li>Kreativit\u00e4t und Fantasie im Spiel- und Lernraum &#8222;Natur&#8220; zu entfalten.<\/li>\n\n\n\n<li>Gesundheit und Bewegung durch das Spielen, Toben und Entdecken zu f\u00f6rdern.<\/li>\n\n\n\n<li>Selbstvertrauen und Teamgeist durch das Meistern von Herausforderungen aufzubauen.<\/li>\n<\/ul>\n\n\n\n<div style=\"color:#ddd\" class=\"wp-block-genesis-blocks-gb-spacer gb-block-spacer gb-divider-solid gb-divider-size-1\"><hr style=\"height:58px\"\/><\/div>\n\n\n\n<p>Ein besonders wertvoller Schatz sind hierbei unsere Tiere als Co-P\u00e4dagogen: Die selbst ausgebr\u00fcteten H\u00fchner, wie auch unsere drei Hasen sind t\u00e4gliche Begleiter, die den Kindern zeigen, wie wichtig F\u00fcrsorge, Verl\u00e4sslichkeit und Achtsamkeit sind. Sie erinnern uns daran, dass jedes Lebewesen wertvoll ist und dass Verantwortung Freude macht. <\/p>\n\n\n<div class=\"wp-block-image\">\n<figure class=\"aligncenter size-large is-resized\"><img loading=\"lazy\" decoding=\"async\" width=\"1024\" height=\"768\" src=\"https:\/\/kita-pondorf.de\/wp-content\/uploads\/2025\/09\/20250428_091629-2-1024x768.jpg\" alt=\"\" class=\"wp-image-1414\" style=\"width:523px;height:auto\" srcset=\"https:\/\/kita-pondorf.de\/wp-content\/uploads\/2025\/09\/20250428_091629-2-1024x768.jpg 1024w, https:\/\/kita-pondorf.de\/wp-content\/uploads\/2025\/09\/20250428_091629-2-300x225.jpg 300w, https:\/\/kita-pondorf.de\/wp-content\/uploads\/2025\/09\/20250428_091629-2-768x576.jpg 768w, https:\/\/kita-pondorf.de\/wp-content\/uploads\/2025\/09\/20250428_091629-2-1536x1152.jpg 1536w, https:\/\/kita-pondorf.de\/wp-content\/uploads\/2025\/09\/20250428_091629-2-2048x1536.jpg 2048w, https:\/\/kita-pondorf.de\/wp-content\/uploads\/2025\/09\/20250428_091629-2-700x525.jpg 700w\" sizes=\"auto, (max-width: 1024px) 100vw, 1024px\" \/><\/figure>\n<\/div>\n\n\n<p class=\"has-text-align-center\">Wir feiern den ersten &#8222;Schl\u00fcpftag&#8220; unserer H\u00fchner! <\/p>\n\n\n\n<div style=\"color:#ddd\" class=\"wp-block-genesis-blocks-gb-spacer gb-block-spacer gb-divider-solid gb-divider-size-1\"><hr style=\"height:48px\"\/><\/div>\n\n\n\n<p>Unsere Naturgruppe Donauf\u00fcchse verbringt regelm\u00e4\u00dfig bei fast jedem Wetter Zeit im Freien. Ausgestattet mit passender Kleidung wird so die Natur zum &#8222;zweiten Gruppenraum&#8220;. Dort wird gespielt, geforscht, gesammelt, gebaut und gestaunt.<\/p>\n\n\n\n<p>Neben dem gro\u00dfz\u00fcgigen Wiesengel\u00e4nde haben die Kinder auch die M\u00f6glichkeit, Natur aktiv zu gestalten:<\/p>\n\n\n\n<ul class=\"wp-block-list\">\n<li>In unserem Hochbeet pflanzen sie Gem\u00fcse und Kr\u00e4uter aller Art. <\/li>\n\n\n\n<li>Unsere Obstb\u00e4ume und Str\u00e4ucher schenken Fr\u00fcchte, die gemeinsam geerntet werden. <\/li>\n\n\n\n<li>Von den H\u00fchnern bekommen wir frische Eier. <\/li>\n<\/ul>\n\n\n\n<p>Das Geerntete verarbeiten wir anschlie\u00dfend gemeinsam in der K\u00fcche, ob beim Backen, Kochen oder Zubereiten kleiner Snacks. So erleben die Kinder den gesamten Kreislauf von s\u00e4en, pflegen, ernten und genie\u00dfen mit allen Sinnen. <\/p>\n\n\n\n<div class=\"wp-block-columns is-layout-flex wp-container-core-columns-is-layout-9d6595d7 wp-block-columns-is-layout-flex\">\n<div class=\"wp-block-column is-layout-flow wp-block-column-is-layout-flow\"><div class=\"wp-block-image\">\n<figure class=\"aligncenter size-large is-resized\"><img loading=\"lazy\" decoding=\"async\" width=\"768\" height=\"1024\" src=\"https:\/\/kita-pondorf.de\/wp-content\/uploads\/2025\/09\/20250410_105542-768x1024.jpg\" alt=\"\" class=\"wp-image-1410\" style=\"width:421px;height:auto\" srcset=\"https:\/\/kita-pondorf.de\/wp-content\/uploads\/2025\/09\/20250410_105542-768x1024.jpg 768w, https:\/\/kita-pondorf.de\/wp-content\/uploads\/2025\/09\/20250410_105542-225x300.jpg 225w, https:\/\/kita-pondorf.de\/wp-content\/uploads\/2025\/09\/20250410_105542-1152x1536.jpg 1152w, https:\/\/kita-pondorf.de\/wp-content\/uploads\/2025\/09\/20250410_105542-1536x2048.jpg 1536w, https:\/\/kita-pondorf.de\/wp-content\/uploads\/2025\/09\/20250410_105542-700x933.jpg 700w, https:\/\/kita-pondorf.de\/wp-content\/uploads\/2025\/09\/20250410_105542-scaled.jpg 1920w\" sizes=\"auto, (max-width: 768px) 100vw, 768px\" \/><\/figure>\n<\/div>\n\n\n<p class=\"has-text-align-center\">Wir bepflanzen unser Hochbeet mit verschiedenen Gem\u00fcsesorten!<\/p>\n<\/div>\n\n\n\n<div class=\"wp-block-column is-layout-flow wp-block-column-is-layout-flow\"><div class=\"wp-block-image\">\n<figure class=\"aligncenter size-large is-resized\"><img loading=\"lazy\" decoding=\"async\" width=\"768\" height=\"1024\" src=\"https:\/\/kita-pondorf.de\/wp-content\/uploads\/2025\/09\/20250502_085908-768x1024.jpg\" alt=\"\" class=\"wp-image-1415\" style=\"width:422px;height:auto\" srcset=\"https:\/\/kita-pondorf.de\/wp-content\/uploads\/2025\/09\/20250502_085908-768x1024.jpg 768w, https:\/\/kita-pondorf.de\/wp-content\/uploads\/2025\/09\/20250502_085908-225x300.jpg 225w, https:\/\/kita-pondorf.de\/wp-content\/uploads\/2025\/09\/20250502_085908-1152x1536.jpg 1152w, https:\/\/kita-pondorf.de\/wp-content\/uploads\/2025\/09\/20250502_085908-1536x2048.jpg 1536w, https:\/\/kita-pondorf.de\/wp-content\/uploads\/2025\/09\/20250502_085908-700x933.jpg 700w, https:\/\/kita-pondorf.de\/wp-content\/uploads\/2025\/09\/20250502_085908-scaled.jpg 1920w\" sizes=\"auto, (max-width: 768px) 100vw, 768px\" \/><\/figure>\n<\/div>\n\n\n<p class=\"has-text-align-center\">Wir stellen unseren eigenen Maibaum auf! <\/p>\n<\/div>\n<\/div>\n\n\n\n<div style=\"color:#ddd\" class=\"wp-block-genesis-blocks-gb-spacer gb-block-spacer gb-divider-solid gb-divider-size-1\"><hr style=\"height:55px\"\/><\/div>\n\n\n\n<p class=\"has-text-align-center\"><strong>Unsere Naturp\u00e4dagogik verbindet Herz, Hand und Natur &#x2665;<\/strong><\/p>\n","protected":false},"excerpt":{"rendered":"<p>Naturp\u00e4dagogik bedeutet f\u00fcr uns: Lernen mit und in der Natur. Kinder erleben in unserer Naturgruppe Donauf\u00fcchse die Welt drau\u00dfen, ob auf der Wiese, auf den Feldern oder am Wasser, mit allen Sinnen. Dabei geht es nicht nur um Wissen \u00fcber Pflanzen und Tiere, sondern darum, den Kindern einen achtsamen, verantwortungsvollen und wertsch\u00e4tzenden Umgang mit ihrer [&hellip;]<\/p>\n","protected":false},"author":5,"featured_media":1421,"parent":1398,"menu_order":0,"comment_status":"closed","ping_status":"closed","template":"","meta":{"footnotes":""},"class_list":["post-1409","page","type-page","status-publish","has-post-thumbnail","hentry"],"featured_image_src":"https:\/\/kita-pondorf.de\/wp-content\/uploads\/2025\/09\/Naturpaedagogik-600x400.jpeg","featured_image_src_square":"https:\/\/kita-pondorf.de\/wp-content\/uploads\/2025\/09\/Naturpaedagogik-600x490.jpeg","_links":{"self":[{"href":"https:\/\/kita-pondorf.de\/index.php?rest_route=\/wp\/v2\/pages\/1409","targetHints":{"allow":["GET"]}}],"collection":[{"href":"https:\/\/kita-pondorf.de\/index.php?rest_route=\/wp\/v2\/pages"}],"about":[{"href":"https:\/\/kita-pondorf.de\/index.php?rest_route=\/wp\/v2\/types\/page"}],"author":[{"embeddable":true,"href":"https:\/\/kita-pondorf.de\/index.php?rest_route=\/wp\/v2\/users\/5"}],"replies":[{"embeddable":true,"href":"https:\/\/kita-pondorf.de\/index.php?rest_route=%2Fwp%2Fv2%2Fcomments&post=1409"}],"version-history":[{"count":2,"href":"https:\/\/kita-pondorf.de\/index.php?rest_route=\/wp\/v2\/pages\/1409\/revisions"}],"predecessor-version":[{"id":1417,"href":"https:\/\/kita-pondorf.de\/index.php?rest_route=\/wp\/v2\/pages\/1409\/revisions\/1417"}],"up":[{"embeddable":true,"href":"https:\/\/kita-pondorf.de\/index.php?rest_route=\/wp\/v2\/pages\/1398"}],"wp:featuredmedia":[{"embeddable":true,"href":"https:\/\/kita-pondorf.de\/index.php?rest_route=\/wp\/v2\/media\/1421"}],"wp:attachment":[{"href":"https:\/\/kita-pondorf.de\/index.php?rest_route=%2Fwp%2Fv2%2Fmedia&parent=1409"}],"curies":[{"name":"wp","href":"https:\/\/api.w.org\/{rel}","templated":true}]}}