{"id":14,"date":"2019-04-26T08:36:25","date_gmt":"2019-04-26T08:36:25","guid":{"rendered":"http:\/\/kita-pondorf.de\/?page_id=14"},"modified":"2025-09-17T07:31:18","modified_gmt":"2025-09-17T07:31:18","slug":"impressum","status":"publish","type":"page","link":"https:\/\/kita-pondorf.de\/?page_id=14","title":{"rendered":"Impressum"},"content":{"rendered":"\n<p class=\"has-medium-font-size\"><strong>Kindertagesst\u00e4tte DonauKids Pondorf<\/strong><\/p>\n\n\n\n<p>Benedikt-Stra\u00dfe 22a<br>94356 Kirchroth &#8211; OT Pondorf<\/p>\n\n\n\n<p><strong>Einrichtungsleitung:<\/strong><br>Sandra Wolf<\/p>\n\n\n\n<p><strong>E-Mail:<\/strong><br>leitung@kita-pondorf.de <\/p>\n\n\n\n<p><strong>Telefon:<\/strong><br>09428 94799-0<\/p>\n\n\n\n<h2 class=\"wp-block-heading has-medium-font-size\">Gruppen:<\/h2>\n\n\n\n<figure class=\"wp-block-table\"><table><tbody><tr><td>Gruppe Fr\u00f6sche<br>Leitung: Renate Stahl<\/td><td>09428 94799 &#8211; 11<br>froesche@kita-pondorf.de<\/td><\/tr><tr><td>Gruppe Fische<br>Leitung: Ilona Riedl<\/td><td>09428 94799 &#8211; 12<br>fische@kita-pondorf.de<\/td><\/tr><tr><td>Gruppe Biber<br>Leitung: Sina Iota-Frunza<\/td><td>09428 94799 &#8211; 13<br>biber@kita-pondorf.de<\/td><\/tr><tr><td>Gruppe Donauf\u00fcchse <br>Leitung: Tatjana Reith <\/td><td>0160\/91904428<br>donaufuechse@kita-pondorf.de<\/td><\/tr><\/tbody><\/table><\/figure>\n\n\n\n<h3 class=\"wp-block-heading\">Tr\u00e4ger:<\/h3>\n\n\n\n<p>Gemeinde Kirchroth<br>Regensburger-Stra\u00dfe 22<br>94356  Kirchroth<\/p>\n\n\n\n<p>vertreten durch den ersten B\u00fcrgermeister Matthias Fischer<br>Gesch\u00e4ftsf\u00fchrer: Matthias Fischer<\/p>\n\n\n\n<p><\/p>\n\n\n\n<div class=\"wp-block-columns is-layout-flex wp-container-core-columns-is-layout-9d6595d7 wp-block-columns-is-layout-flex\">\n<div class=\"wp-block-column is-layout-flow wp-block-column-is-layout-flow\" style=\"flex-basis:100%\">\n<div class=\"wp-block-group\"><div class=\"wp-block-group__inner-container is-layout-constrained wp-block-group-is-layout-constrained\">\n<p>Amtsleitung f\u00fcr Kinder- und Jugendarbeit:<\/p>\n\n\n\n<p>Yvonne Riedl <br>Tel.: 09428 9410-50<br>E-Mail: riedl.yvonne@kirchroth.de<\/p>\n<\/div><\/div>\n<\/div>\n<\/div>\n\n\n\n<p><\/p>\n","protected":false},"excerpt":{"rendered":"<p>Kindertagesst\u00e4tte DonauKids Pondorf Benedikt-Stra\u00dfe 22a94356 Kirchroth &#8211; OT Pondorf Einrichtungsleitung:Sandra Wolf E-Mail:leitung@kita-pondorf.de Telefon:09428 94799-0 Gruppen: Gruppe Fr\u00f6scheLeitung: Renate Stahl 09428 94799 &#8211; 11froesche@kita-pondorf.de Gruppe FischeLeitung: Ilona Riedl 09428 94799 &#8211; 12fische@kita-pondorf.de Gruppe BiberLeitung: Sina Iota-Frunza 09428 94799 &#8211; 13biber@kita-pondorf.de Gruppe Donauf\u00fcchse Leitung: Tatjana Reith 0160\/91904428donaufuechse@kita-pondorf.de Tr\u00e4ger: Gemeinde KirchrothRegensburger-Stra\u00dfe 2294356 Kirchroth vertreten durch den ersten B\u00fcrgermeister [&hellip;]<\/p>\n","protected":false},"author":1,"featured_media":266,"parent":0,"menu_order":0,"comment_status":"closed","ping_status":"closed","template":"","meta":{"footnotes":""},"class_list":["post-14","page","type-page","status-publish","has-post-thumbnail","hentry"],"featured_image_src":"https:\/\/kita-pondorf.de\/wp-content\/uploads\/2021\/09\/RemoteMediaFile_6619369_0_2021_08_19_16_43_22-600x360.jpg","featured_image_src_square":"https:\/\/kita-pondorf.de\/wp-content\/uploads\/2021\/09\/RemoteMediaFile_6619369_0_2021_08_19_16_43_22-600x360.jpg","_links":{"self":[{"href":"https:\/\/kita-pondorf.de\/index.php?rest_route=\/wp\/v2\/pages\/14","targetHints":{"allow":["GET"]}}],"collection":[{"href":"https:\/\/kita-pondorf.de\/index.php?rest_route=\/wp\/v2\/pages"}],"about":[{"href":"https:\/\/kita-pondorf.de\/index.php?rest_route=\/wp\/v2\/types\/page"}],"author":[{"embeddable":true,"href":"https:\/\/kita-pondorf.de\/index.php?rest_route=\/wp\/v2\/users\/1"}],"replies":[{"embeddable":true,"href":"https:\/\/kita-pondorf.de\/index.php?rest_route=%2Fwp%2Fv2%2Fcomments&post=14"}],"version-history":[{"count":17,"href":"https:\/\/kita-pondorf.de\/index.php?rest_route=\/wp\/v2\/pages\/14\/revisions"}],"predecessor-version":[{"id":1468,"href":"https:\/\/kita-pondorf.de\/index.php?rest_route=\/wp\/v2\/pages\/14\/revisions\/1468"}],"wp:featuredmedia":[{"embeddable":true,"href":"https:\/\/kita-pondorf.de\/index.php?rest_route=\/wp\/v2\/media\/266"}],"wp:attachment":[{"href":"https:\/\/kita-pondorf.de\/index.php?rest_route=%2Fwp%2Fv2%2Fmedia&parent=14"}],"curies":[{"name":"wp","href":"https:\/\/api.w.org\/{rel}","templated":true}]}}